In base 8, what is -41 + 5654723?
5654662
In base 13, what is 93378 + 9?
93384
In base 16, what is -27a84b - -3?
-27a848
In base 14, what is 1 - b7c155?
-b7c154
In base 9, what is 4 + 32416513?
32416517
In base 15, what is -63a88d5 + 0?
-63a88d5
In base 5, what is -41 + -43040210?
-43040301
In base 8, what is -2 - -11131564?
11131562
In base 11, what is -128 - 415421?
-415549
In base 2, what is -110110100110101010101001011 + -100?
-110110100110101010101001111
In base 2, what is -100111010 - -1000101110100111?
1000101001101101
In base 10, what is -4 - -50299011?
50299007
In base 14, what is 45c7b1 - -2?
45c7b3
In base 16, what is -54fcbf - 1?
-54fcc0
In base 9, what is 41206 - 522?
40574
In base 12, what is -2b12839a - 0?
-2b12839a
In base 15, what is -32b9 - -223?
-3096
In base 15, what is 1b5e1 - 14d?
1b493
In base 5, what is 31 + -444213?
-444132
In base 2, what is 11100110 - 10101001011001100011010?
-10101001011001000110100
In base 9, what is 174767356 - -6?
174767363
In base 10, what is 602 + 3104?
3706
In base 8, what is 257 + -310046?
-307567
In base 11, what is 14508 + a23?
15430
In base 14, what is -11d5c6 - b5?
-11d69b
In base 6, what is -21 - -340415220?
340415155
In base 14, what is -10215 + -1437a?
-24591
In base 10, what is 1 + 11383269?
11383270
In base 2, what is 10011011111011110110111000 - 10101?
10011011111011110110100011
In base 8, what is 22 - 47332610?
-47332566
In base 2, what is -1100100111100111001010010 - 0?
-1100100111100111001010010
In base 7, what is -6342014 - -1?
-6342013
In base 12, what is -3 - 135b0811?
-135b0814
In base 8, what is -11 - 7716002?
-7716013
In base 11, what is -720 + 4595a?
4523a
In base 8, what is -4 + 16224340?
16224334
In base 10, what is 3 + 97147024?
97147027
In base 14, what is 1a3 - -186d5?
18898
In base 5, what is -224312242 + 111?
-224312131
In base 12, what is 62469 - -1a5?
62652
In base 11, what is 9639048 - -51?
9639099
In base 9, what is -20 + 31665757?
31665737
In base 6, what is 3244343513 - -4?
3244343521
In base 8, what is -101 + 1441445?
1441344
In base 16, what is 7 - b441f?
-b4418
In base 5, what is -1023440314 + 302?
-1023440012
In base 11, what is -42397 - 1081?
-43468
In base 16, what is 15929d2d - 0?
15929d2d
In base 10, what is 0 + 153343271?
153343271
In base 3, what is 20122011101112222 + -2?
20122011101112220
In base 12, what is -41a6111 - 11?
-41a6122
In base 13, what is 241 - 5010?
-4a9c
In base 2, what is -10 + -1010011100100101110111010?
-1010011100100101110111100
In base 2, what is 11101101000 + 100000001111?
111101110111
In base 9, what is -1001 - 36451?
-37452
In base 8, what is 7023241 + 331?
7023572
In base 14, what is -4 + -286d57?
-286d5b
In base 4, what is -200322030 - 331?
-200323021
In base 6, what is 102054305 - -133?
102054442
In base 6, what is -30505054241 + 0?
-30505054241
In base 4, what is -133232112 - -33?
-133232013
In base 5, what is 4404 + 23032?
32441
In base 14, what is -3 - -a155144?
a155141
In base 13, what is -2bbba + 3?
-2bbb7
In base 3, what is 1 + 2200110122200101?
2200110122200102
In base 14, what is -137d61 + -2?
-137d63
In base 10, what is 4 + 23261390?
23261394
In base 11, what is -2 + 12a58a033?
12a58a031
In base 8, what is -10563 - 4623?
-15406
In base 8, what is -3065161 - 105?
-3065266
In base 2, what is -1001100011000010001110111 - 10?
-1001100011000010001111001
In base 12, what is 217a58b - 1b0?
217a39b
In base 16, what is -5 + -212f7c?
-212f81
In base 10, what is 38927 - -3569?
42496
In base 15, what is -5 + -21d71a8e?
-21d71a94
In base 13, what is -24b06 - 2a12?
-27818
In base 15, what is -6b94 + -287a?
-951e
In base 4, what is -10333021122 + -101?
-10333021223
In base 6, what is -32555 - -30355?
-2200
In base 3, what is -11 - -1201001001202221?
1201001001202210
In base 6, what is -3 + 12311145012?
12311145005
In base 9, what is -132 - -345527?
345385
In base 9, what is 18 + 476366?
476385
In base 8, what is -70 - 265620?
-265710
In base 7, what is -23 - -5506460?
5506434
In base 14, what is -1215bd - -a?
-1215b3
In base 3, what is -12 - 102011001?
-102011020
In base 2, what is 1001100101011100 + 1001110010001?
1010110011101101
In base 2, what is 101 - -111001100010000100000110?
111001100010000100001011
In base 7, what is -314000 - -41?
-313626
In base 3, what is -221210 - 101121001?
-102112211
In base 3, what is 101020 - -11110010121?
11110111211
In base 10, what is 2 - -867245?
867247
In base 13, what is -623 + -99990?
-9a2b3
In base 7, what is -653 + -2405441?
-2406424
In base 10, what is -3 + -3551956?
-3551959
In base 3, what is -1022111112011011 + 10?
-1022111112011001
In base 8, what is -55426 + 525?
-54701
In base 16, what is 111734 - f4?
111640
In base 15, what is -98b + -456?
-de2
In base 8, what is 0 + 12146723?
12146723
In base 4, what is 12222 + -221221?
-202333
In base 6, what is -444501001 + 0?
-444501001
In base 8, what is 36741 - -7152?
46113
In base 7, what is 105 + 526524?
526632
In base 9, what is -48458 + -3?
-48462
In base 11, what is -266428 - 15?
-266442
In base 15, what is -38d8 - -1c45?
-1b93
In base 9, what is -255 + 51211?
50845
In base 11, what is -13702 - 5752?
-19354
In base 6, what is 5 - -1232101524?
1232101533
In base 16, what is -8a - 2770?
-27fa
In base 10, what is -10767 - 28232?
-38999
In base 2, what is 11111100110110001100101 - 1011?
11111100110110001011010
In base 13, what is -2 + -232939?
-23293b
In base 12, what is 5 - -6049457?
6049460
In base 4, what is 120222 - 1310010?
-1123122
In base 5, what is 40 - 134123302241?
-134123302201
In base 13, what is 766489 + -44?
766445
In base 2, what is -10000 + -101010111111000101101?
-101010111111000111101
In base 10, what is -2151 - 35189?
-37340
In base 9, what is 21084 - 5354?
14630
In base 8, what is 34573526 - -21?
34573547
In base 14, what is -6 + -58b2b?
-58b33
In base 15, what is 25d0 - -56?
2636
In base 4, what is -2131 + 210320310?
210312113
In base 15, what is -13c12 + e2?
-13b20
In base 16, what is -cb0fd - -5f?
-cb09e
In base 3, what is -22220102002010 + -120?
-22220102002200
In base 15, what is -63d0591 - -1?
-63d0590
In base 14, what is -bc9 - -1147?
35c
In base 2, what is -10101000 + -101110100110110?
-101110111011110
In base 4, what is -22132331 + -2130?
-22201121
In base 5, what is -1 - -4232304001?
4232304000
In base 3, what is -1010210012112011 - 2102?
-1010210012121120
In base 15, what is -c764855 - 2?
-c764857
In base 7, what is -25164161 + -4?
-25164165
In base 15, what is 9d15 + -162?
9ba3
In base 14, what is -3d2571c - -5?
-3d25717
In base 2, what is 11100110001111 + -111?
11100110001000
In base 3, what is -2002002 - 201102111222?
-201111121001
In base 10, what is -28421 - 3339?
-31760
In base 7, what is -135 + -1060002?
-1060140
In base 2, what is 10100111100110001110110 - -1010000?
10100111100110011000110
In base 2, what is 10001000001101110 - -1101111?
10001000011011101
In base 15, what is -9c7 + 1cb3?
12db
In base 10, what is -434 - -6102?
5668
In base 16, what is 1 + -136e3fb?
-136e3fa
In base 5, what is 1101 + -3442214?
-3441113
In base 6, what is -4505111100 - 5?
-4505111105
In base 12, what is -22959 + 563?
-223b6
In base 13, what is 9405 - 8578?
b5a
In base 13, what is 350554 - 37c?
3501a5
In base 2, what is -10 + 101000111110110110010?
101000111110110110000
In base 16, what is -5 + d9beee?
d9bee9
In base 5, what is 0 - -142104102032?
142104102032
In base 8, what is 54233603 + -20?
54233563
In base 3, what is -2 + -200220012222?
-200220020001
In base 7, what is 203544 + 23313?
230160
In base 14, what is 71c239d3 + -1?
71c239d2
In base 6, what is 3123022403 - 11?
3123022352
In base 6, what is -32455 - -12422?
-20033
In base 12, what is 1a74a + 61b?
1b169
In base 16, what is 2ff7 - -28ad?
58a4
In base 2, what is -100 + -111000111011000000010001111?
-111000111011000000010010011
In base 14, what is -97420702 + 2?
-97420700
In base 11, what is -73025a + 8?
-730252
In base 3, what is -10101201102221 + 10?
-10101201102211
In base 8, what is -31 + 167375772?
167375741
In base 2, what is 110 - 111000101011110000?
-111000101011101010
In base 6, what is -212 - 5001?
-5213
In base 5, what is -34 + -1410201241?
-1410201330
In base 6, what is 1252011 + -5?
1252002
In base 7, what is 3 - -212600441?
212600444
In base 2